{"id":7,"date":"2013-04-02T12:24:00","date_gmt":"2013-04-02T12:24:00","guid":{"rendered":"http:\/\/omb-automation.com\/?page_id=7"},"modified":"2013-04-02T12:24:00","modified_gmt":"2013-04-02T12:24:00","slug":"uber-uns","status":"publish","type":"page","link":"https:\/\/www.omb-automation.com\/?page_id=7","title":{"rendered":"\u00dcber uns"},"content":{"rendered":"<h2>Kurzer Werdegang<\/h2>\n<p>Im Anschluss an meine abgeschlossenen Berufsausbildungen im Metallhandwerk sammelte ich 9 Jahre lang Erfahrungen im festen Arbeitsverh\u00e4ltnis in den Bereichen Sondermaschinenbau, Transferstra\u00dfen und Automationstechnik.<br \/>\n1989 folgte der erfolgreiche Schritt in die Selbst\u00e4ndigkeit.<br \/>\nSeit 1994 eingetragen in die Handwerksrolle im Maschinenbaumechaniker Handwerk.<br \/>\nIch verf\u00fcge \u00fcber gute Englischkenntnisse, ebenso Portugiesisch und Spanisch.<br \/>\nIn den vergangen Jahren wurden, von mir und meinem Team, vorwiegend Montagelinien und Automatikstationen namhafter Firmen montiert und in Betrieb genommen. Die Montage erfolgte weltweit, wobei gr\u00f6\u00dftenteils Montage- und Baustellenleitung in meiner Hand lagen.<br \/>\nAlle Projekte konnten termingerecht und zu vollster Zufriedenheit aller Beteiligten abgeschlossen werden.<\/p>\n<p>Des weiteren ist unser Unternehmen auf die Programmierung und Inbetriebnahme von ABB Robotern spezialisiert, insbesondere in Verbindung mit verschiedenen Kamerasystemen.<br \/>\nFerner haben wir Erfahrung in der Programmierung von QDS und BDE &#8211; Systemen.<\/p>\n<p>Heute betrachte ich mich als kompetente Kraft mit \u00fcber 30 j\u00e4hriger Erfahrung in diesen Bereichen.<br \/>\nGerne tragen wir auch zur Innovation und zu kreativen L\u00f6sungen auftretender Probleme und technischer Schwierigkeiten bei.<\/p>\n<p>Die Bearbeitung meiner Auftr\u00e4ge erfolgt in der Regel bei Ihnen in der Firma und beim Endkunden. Kleine Vormontagen k\u00f6nnen auch in meiner Werkstatt vorgenommen werden.<\/p>\n<p>Um Ihnen einen weiteren Eindruck \u00fcber unsere Kenntnisse und Erfahrungen zu geben, finden Sie unter dem Punkt \u201e<a title=\"Referenzen\" href=\"https:\/\/www.omb-automation.com\/?page_id=13\">Referenzprojekte<\/a>\u201c eine Liste einiger Projekte, die ich seit meiner Selbst\u00e4ndigkeit in den vergangenen Jahren durchgef\u00fchrt habe.<\/p>\n<p>Sollte ich Ihr Interesse geweckt haben, freue ich mich auf Ihre Anfrage und komme selbstverst\u00e4ndlich gerne zu einem pers\u00f6nlichen Gespr\u00e4ch in Ihre Firma.<\/p>\n<p>Klaus Oruszczak\t\t<\/p>\n","protected":false},"excerpt":{"rendered":"<p>Kurzer Werdegang Im Anschluss an meine abgeschlossenen Berufsausbildungen im Metallhandwerk sammelte ich 9 Jahre lang Erfahrungen im festen Arbeitsverh\u00e4ltnis in den Bereichen Sondermaschinenbau, Transferstra\u00dfen und Automationstechnik. 1989 folgte der erfolgreiche Schritt in die Selbst\u00e4ndigkeit. Seit 1994 eingetragen in die Handwerksrolle im Maschinenbaumechaniker Handwerk. Ich verf\u00fcge \u00fcber gute Englischkenntnisse, ebenso Portugiesisch und Spanisch. In den vergangen [&hellip;]<\/p>\n","protected":false},"author":1,"featured_media":0,"parent":0,"menu_order":1,"comment_status":"open","ping_status":"closed","template":"page-templates\/front-page.php","meta":{"footnotes":""},"class_list":["post-7","page","type-page","status-publish","hentry"],"_links":{"self":[{"href":"https:\/\/www.omb-automation.com\/index.php?rest_route=\/wp\/v2\/pages\/7","targetHints":{"allow":["GET"]}}],"collection":[{"href":"https:\/\/www.omb-automation.com\/index.php?rest_route=\/wp\/v2\/pages"}],"about":[{"href":"https:\/\/www.omb-automation.com\/index.php?rest_route=\/wp\/v2\/types\/page"}],"author":[{"embeddable":true,"href":"https:\/\/www.omb-automation.com\/index.php?rest_route=\/wp\/v2\/users\/1"}],"replies":[{"embeddable":true,"href":"https:\/\/www.omb-automation.com\/index.php?rest_route=%2Fwp%2Fv2%2Fcomments&post=7"}],"version-history":[{"count":0,"href":"https:\/\/www.omb-automation.com\/index.php?rest_route=\/wp\/v2\/pages\/7\/revisions"}],"wp:attachment":[{"href":"https:\/\/www.omb-automation.com\/index.php?rest_route=%2Fwp%2Fv2%2Fmedia&parent=7"}],"curies":[{"name":"wp","href":"https:\/\/api.w.org\/{rel}","templated":true}]}}